e greatest common divisor of 51 and 6?
3
Calculate the greatest common divisor of 588 and 4368.
84
What is the greatest common divisor of 19 and 836?
19
What is the highest common factor of 152 and 2052?
76
Calculate the greatest common factor of 38 and 38.
38
What is the greatest common divisor of 13 and 4?
1
What is the highest common divisor of 165 and 1705?
55
Calculate the greatest common divisor of 3216 and 156.
12
What is the highest common divisor of 486 and 144?
18
Calculate the greatest common divisor of 64 and 480.
32
What is the highest common factor of 1908 and 72?
36
Calculate the highest common divisor of 171 and 19.
19
Calculate the greatest common factor of 8 and 264.
8
Calculate the greatest common factor of 6942 and 78.
78
Calculate the highest common divisor of 44 and 3707.
11
What is the greatest common divisor of 231 and 105?
21
Calculate the greatest common factor of 1525 and 10.
5
Calculate the greatest common factor of 90 and 414.
18
Calculate the greatest common factor of 225 and 666.
9
What is the greatest common divisor of 28 and 32?
4
What is the highest common divisor of 816 and 12?
12
What is the highest common divisor of 858 and 702?
78
What is the highest common divisor of 737 and 11?
11
Calculate the highest common divisor of 37401 and 39.
39
Calculate the greatest common divisor of 40 and 760.
40
Calculate the greatest common divisor of 570 and 19.
19
What is the highest common factor of 460 and 2507?
23
What is the highest common divisor of 486 and 207?
9
Calculate the highest common divisor of 2853 and 9.
9
What is the greatest common divisor of 115 and 10?
5
What is the highest common divisor of 126 and 56?
14
What is the highest common factor of 3074 and 1508?
58
What is the highest common divisor of 128 and 6016?
128
Calculate the highest common factor of 86 and 215.
43
Calculate the greatest common factor of 8843 and 37.
37
What is the highest common divisor of 3526 and 205?
41
Calculate the greatest common factor of 18 and 94.
2
Calculate the greatest common divisor of 86 and 129.
43
Calculate the highest common divisor of 2449 and 31.
31
What is the greatest common divisor of 110 and 16775?
55
Calculate the greatest common divisor of 104 and 52.
52
What is the highest common divisor of 338 and 78?
26
What is the highest common divisor of 15344 and 224?
112
Calculate the highest common divisor of 77 and 22.
11
What is the highest common factor of 94 and 47?
47
What is the highest common divisor of 50 and 190?
10
Calculate the highest common factor of 17 and 986.
17
Calculate the highest common divisor of 60 and 2688.
12
Calculate the highest common factor of 190 and 114.
38
Calculate the greatest common divisor of 76 and 931.
19
Calculate the highest common factor of 1850 and 3145.
185
Calculate the highest common divisor of 1728 and 1026.
54
Calculate the greatest common divisor of 518 and 14.
14
What is the highest common factor of 308 and 242?
22
Calculate the greatest common divisor of 697 and 328.
41
Calculate the highest common factor of 165 and 90.
15
What is the highest common divisor of 5 and 19?
1
What is the highest common divisor of 216 and 351?
27
Calculate the highest common factor of 162 and 90.
18
What is the greatest common divisor of 219 and 24?
3
What is the highest common factor of 3717 and 126?
63
Calculate the highest common divisor of 27 and 1323.
27
Calculate the highest common divisor of 567 and 180.
9
What is the highest common factor of 378 and 14?
14
Calculate the highest common factor of 32 and 80.
16
What is the highest common divisor of 107 and 4?
1
Calculate the greatest common factor of 352 and 264.
88
What is the highest common factor of 1968 and 2337?
123
What is the highest common factor of 100 and 44?
4
What is the greatest common factor of 5172 and 12?
12
Calculate the highest common divisor of 387 and 172.
43
Calculate the greatest common factor of 192 and 42.
6
What is the greatest common factor of 296 and 222?
74
What is the highest common factor of 4461 and 15?
3
Calculate the highest common divisor of 1271 and 82.
41
What is the highest common divisor of 27 and 13365?
27
Calculate the greatest common divisor of 25 and 1725.
25
Calculate the greatest common factor of 45 and 1341.
9
What is the highest common factor of 6 and 17?
1
Calculate the highest common divisor of 22 and 407.
11
Calculate the greatest common divisor of 16534 and 42.
14
What is the highest common factor of 50 and 850?
50
What is the highest common factor of 820 and 140?
20
What is the highest common divisor of 45 and 7416?
9
Calculate the greatest common divisor of 784 and 16.
16
What is the highest common divisor of 476 and 1700?
68
What is the highest common factor of 200 and 160?
40
What is the greatest common factor of 47 and 329?
47
Calculate the highest common divisor of 310 and 341.
31
Calculate the greatest common divisor of 7320 and 480.
120
Calculate the greatest common divisor of 207 and 184.
23
What is the highest common divisor of 10 and 710?
10
What is the greatest common divisor of 7772 and 1340?
268
What is the greatest common factor of 1897 and 7?
7
Calculate the greatest common divisor of 1504 and 32.
32
What is the highest common factor of 60 and 45?
15
Calculate the greatest common divisor of 584 and 32.
8
Calculate the highest common divisor of 30535 and 155.
155
Calculate the greatest common factor of 1 and 125.
1
Calculate the greatest common divisor of 99 and 18.
9
What is the greatest common divisor of 87 and 609?
87
What is the greatest common factor of 508 and 2413?
127
What is the highest common factor of 2016 and 560?
112
What is the highest common divisor of 340 and 68?
68
Calculate the highest common divisor of 4 and 5.
1
Calculate the highest common factor of 26 and 325.
13
Calculate the greatest common divisor of 5893 and 71.
71
Calculate the greatest common factor of 240 and 540.
60
What is the highest common factor of 2425 and 600?
25
What is the greatest common divisor of 43 and 19780?
43
Calculate the greatest common factor of 913 and 83.
83
Calculate the greatest common divisor of 200 and 260.
20
Calculate the greatest common divisor of 445 and 178.
89
Calculate the greatest common factor of 408 and 24.
24
Calculate the greatest common divisor of 16 and 244.
4
What is the highest common factor of 86 and 5762?
86
Calculate the highest common factor of 816 and 96.
48
Calculate the highest common divisor of 79 and 395.
79
Calculate the greatest common factor of 7 and 1687.
7
What is the highest common divisor of 7 and 6776?
7
What is the greatest common factor of 4758 and 156?
78
What is the greatest common factor of 3336 and 96?
24
Calculate the highest common divisor of 5 and 160.
5
Calculate the highest common divisor of 1785 and 7.
7
What is the highest common factor of 321 and 41088?
321
Calculate the greatest common factor of 16 and 44.
4
What is the highest common divisor of 288 and 36?
36
Calculate the greatest common divisor of 14 and 469.
7
Calculate the highest common factor of 3503 and 31.
31
Calculate the highest common factor of 528 and 48.
48
What is the greatest common divisor of 1364 and 902?
22
What is the highest common factor of 728 and 56?
56
What is the greatest common divisor of 8 and 192?
8
Calculate the highest common factor of 442 and 34.
34
Calculate the greatest common divisor of 1007 and 19.
19
What is the greatest common divisor of 40 and 128?
8
Calculate the greatest common divisor of 64 and 12.
4
What is the highest common divisor of 147 and 6?
3
What is the highest common divisor of 56 and 616?
56
Calculate the greatest common factor of 985 and 1576.
197
What is the highest common divisor of 35 and 42?
7
Calculate the highest common factor of 28 and 364.
28
What is the greatest common factor of 136 and 476?
68
What is the highest common divisor of 48 and 252?
12
What is the greatest common divisor of 351 and 2379?
39
Calculate the highest common divisor of 174 and 783.
87
Calculate the greatest common divisor of 361 and 95.
19
What is the highest common divisor of 264 and 1914?
66
Calculate the greatest common divisor of 3510 and 858.
78
Calculate the greatest common factor of 152 and 684.
76
Calculate the highest comm